 Suppose t*z = 1164 - 10194. List the prime factors of z/(-28) - 2/(-8).
2, 3
Let r(n) = 48*n**2 + 8*n - 3. List the prime factors of r(6).
3, 197
Suppose 3*w + 4*h - 172584 = 0, -18*w - 24*h = -22*w + 229936. List the prime factors of w.
2, 5, 719
Let u(t) = 2*t**3 + 20*t**2 - 24*t - 13. Let l be u(-11). Suppose 2 = n - 5*x - l, 0 = 5*n - 2*x - 147. What are the prime factors of n?
31
Let q(h) = 22 - 4*h + 6*h - 21. Let v be q(1). Suppose -5*m + 4 = -6*m, -3*b + v*m = -336. What are the prime factors of b?
2, 3
Let n = 137896 - 89909. What are the prime factors of n?
47, 1021
Let w(b) = 552*b**2 + 109*b - 429. What are the prime factors of w(4)?
8839
List the prime factors of ((-2988)/1328)/((-1)/4912).
2, 3, 307
Suppose 4*t - 34054 = -q, -4*q = -8*t + 4*t + 34024. List the prime factors of t.
2, 7, 19
Let b(d) = d - 4. Let p be b(4). Let i(l) = -l**3 + l**2 - 2*l + 250. What are the prime factors of i(p)?
2, 5
Let p(x) = 7*x**3 - x + 2. Let g be p(1). Suppose 0 = g*a - 163 - 1021. Suppose 9*i = 5*i + a. What are the prime factors of i?
37
Suppose d - 4 = 0, 20*d = u + 22*d - 6874. What are the prime factors of u?
2, 3433
Let n = -18 - -22. Suppose -1 = -d + n. Suppose -2*r = 2*z + r - 255, -4*r = -d*z + 626. List the prime factors of z.
2, 3, 7
Suppose q + 14 = 3*g - 1, -3*q + 21 = 2*g. Let n(b) = 9*b + 10. Let x(y) = -53*y - 61. Let i(h) = g*x(h) + 34*n(h). List the prime factors of i(-6).
2, 23
Suppose -t - j + 4516 = 0, 14*j - 9034 = -2*t + 10*j. List the prime factors of t.
3, 5, 7, 43
Let v(x) = -4*x + 123. Let r be v(13). Let m = 151 - r. List the prime factors of m.
2, 5
List the prime factors of 1/((-4)/(-39908)) + 0/9.
11, 907
What are the prime factors of ((-138)/(-70) + (-237)/(-553))/(6/129680)?
2, 1621
Let h(s) = -1633*s - 983. List the prime factors of h(-8).
3, 4027
Suppose 0 = 14142*y - 14150*y + 27848. List the prime factors of y.
59
Suppose -32*k + 10818 + 37598 = 0. Let y = 2137 - k. What are the prime factors of y?
2, 3, 13
Let p = 49 + -45. List the prime factors of p/26 + 162*(-17)/(-13).
2, 53
Suppose 0 = 7*l - l + 582. Let f = l - -259. What are the prime factors of f?
2, 3
Suppose 0 = 5*y + 2*m - 35575 - 17668, -21299 = -2*y + m. List the prime factors of y.
23, 463
Suppose 34*t = 8*t + 289406. What are the prime factors of t?
11131
Let o = 129 - -4004. List the prime factors of o.
4133
Suppose 602 = 3*b + 4*u - 5837, 8600 = 4*b - 2*u. List the prime factors of b.
7, 307
Suppose 2*s + 91539 = 5*a, -4*a + 57*s = 59*s - 73224. List the prime factors of a.
18307
Suppose -15*s = 85*s - 23500. What are the prime factors of s?
5, 47
List the prime factors of (0 + 6)*(453/(-2869) + 335850/38).
2, 3, 491
Let u be (-58)/(-319) + 60/33. Suppose -u*a - 3192 = -4*z, -a + 1602 = 2*z + a. List the prime factors of z.
17, 47
Let h be (-2)/(-5) - 39189/(-15). Suppose -6*q = 7*q - h. What are the prime factors of q?
3, 67
Suppose 0 = -3*o - 3*s - 2*s - 1117, -4*s = -2*o - 752. Let j = 755 + o. List the prime factors of j.
3, 127
Suppose 194 = 2*i - l - 46, -i = 4*l - 138. Suppose -5*h + i = -3*h. Suppose 0 = 5*p + 3*z - 371, 4*z + h = p - 27. List the prime factors of p.
2, 19
Let f = 176 + -31. Let z = 22 + 56. Let p = f - z. What are the prime factors of p?
67
Suppose 0 = -3*s - 5*o - 2 - 31, 4*o - 44 = 4*s. Let l be (1 - 3)/(-1 + 3) - s. Suppose l*w - 168 = 8*w. What are the prime factors of w?
2, 3, 7
Let n = -616 + 358. Let k = n + 367. List the prime factors of k.
109
Let j = 22861 + -12954. What are the prime factors of j?
9907
Let n be 3288/(-40)*(-10)/(-2). Let b = n - -940. What are the prime factors of b?
23
Let p(f) = -f**3 - 13*f**2 - 29*f - 77. Let q be p(-11). Suppose -3*w + 0*i + 3*i + 2697 = 0, 5*w + 2*i - 4474 = q. List the prime factors of w.
2, 7
Suppose h - 81664 = -4*z, -303599 - 104633 = -5*h + 2*z. Suppose 59*n = 11*n + h. What are the prime factors of n?
3, 7
Let t be (0 - 18/(-10))/(6/40). Suppose -714 = -t*l + 4770. List the prime factors of l.
457
Let p(j) = 42*j**3 - 7*j**2 - 9*j - 6. List the prime factors of p(4).
2, 7, 181
Suppose 0 = -8*g + g + 56. Suppose g*j + 11*j = 2755. List the prime factors of j.
5, 29
Let h = 114779 - 78717. What are the prime factors of h?
2, 13, 19, 73
Let k(z) = 14*z + 467. Suppose -5*p = 22*p + 2*p. List the prime factors of k(p).
467
Let w be ((-133)/9)/(-1) + 14/63. Suppose -3*m = w, p - 2*p + 3*m = -226. List the prime factors of p.
211
List the prime factors of (-3 + -1)*(-606 - -360).
2, 3, 41
Let p(h) be the second derivative of 35*h**4/12 + h**3/2 + h**2 - 226*h. What are the prime factors of p(-4)?
2, 5, 11
Suppose 102*k - 43*k - 254231 = 0. What are the prime factors of k?
31, 139
Suppose -133*r + 26*r + 926299 = 0. What are the prime factors of r?
11, 787
List the prime factors of 23 - -11997 - (18/(-30))/((-7)/35).
61, 197
Let h(w) = -w**3 - 5*w**2 - 7*w - 2. Let b be h(-4). List the prime factors of b/2 - (8 - 469).
2, 233
Let w be (-12095)/(-7) + 4/56*2. Let j be 60/(-9)*w/30. List the prime factors of (j/15)/(-1)*(1 + 4).
2
Let c(i) = -i**3 + i**2 - i + 649. Let a be c(0). Suppose -5*u = f - 2442, -5*u = -4*f - a - 1783. List the prime factors of u.
2, 61
Let p = -2454 + 2495. What are the prime factors of p?
41
Let q = 138799 - 70378. List the prime factors of q.
3, 22807
Suppose 4*l - 28 = 4*a, -a + 2*l - 3*l = -3. Let f be (20/(-8))/(a/4). Suppose f*r - r - 392 = 0. What are the prime factors of r?
2, 7
Let o = -279 + 297. What are the prime factors of 4712/o + (-10)/(-45)?
2, 131
Suppose 0 = 4*n + 3*d + 3 + 8, -5*d - 5 = 0. Suppose -5*c + 423 = -3*w, 4*w + 4*c + 532 = -0*c. What are the prime factors of (w/(-5))/(n/(-5))?
2, 17
Let h(f) = 4*f + 31. Let y be 741/(-104) - (-1)/8. Let g be h(y). Suppose 2*d + 0*d + 520 = g*t, -t + 165 = d. What are the prime factors of t?
2, 5, 17
Suppose -13*t + 22570 = -66168. What are the prime factors of t?
2, 3413
Suppose -5*m = 3 - 23. Suppose 9*v - m*v - 10 = 0. Suppose -v*c = 5*b - 405, b - 162 = -b + c. List the prime factors of b.
3
Let j = 730 + -427. Suppose -21*r + j = -20*r. List the prime factors of r.
3, 101
Suppose 59*k - 1514549 = -374787. What are the prime factors of k?
2, 13, 743
Let q = -43 + 45. Suppose 0 = -q*s + 104 + 394. Suppose -b = -2*h + 281 - 22, -s = -2*h - b. What are the prime factors of h?
127
Suppose -9 = -i + h, -i = -2*h - 8 + 3. Suppose -373 = -14*j + i*j. List the prime factors of j.
373
Let o(h) = 95*h + 177. Let d be (12/(-14))/(42/(-294)). What are the prime factors of o(d)?
3, 83
Let x be 8 + -3 + -2 + -5. What are the prime factors of (8 - (-16986)/(-12))*x/5?
563
Let g(k) = 749*k + 18. Let f be g(9). Suppose 12*h - 21*h + f = 0. What are the prime factors of h?
751
Let o = 17339 + -10557. List the prime factors of o.
2, 3391
Let u(x) = 402*x + 9172. What are the prime factors of u(0)?
2, 2293
Let g(k) be the first derivative of 16*k**3/3 - 3*k**2/2 + 3*k - 1. Suppose -13 = -2*p + 4*w - 3, 0 = 4*p + 4*w + 4. List the prime factors of g(p).
2
Let a(u) = u**3 + 17*u**2 + 2*u + 38. Let w be a(-17). Suppose 5*x + 2*k - 10 = 0, w*x - 5*k = -1 + 9. Suppose -x*f + f = -30. List the prime factors of f.
2, 3, 5
Let h(n) = -90*n + 86. Let z be h(-7). Let g = 1698 - z. List the prime factors of g.
2, 491
Suppose -5*i + 82 + 843 = y, i = 2*y + 185. Let m = i + -90. List the prime factors of m.
5, 19
Let a = -61 + -44. Let r = a + 161. List the prime factors of r.
2, 7
Let i(q) = 9*q**3 + 22*q**2 - 174*q + 13. What are the prime factors of i(12)?
5, 3329
What are the prime factors of 13/(-6)*-6373 - 550/(-660)?
3, 4603
Let k(d) = -12*d + 2. Let s be k(0). Suppose -s*j = 2*a - 3*j - 1027, -3*a = 3*j - 1563. List the prime factors of a.
2, 3, 43
Suppose -o + 4*h = -2*o - 10, 19 = 2*o - 5*h. Suppose 0 = 2*w - 4*r - 8, 3*w - o*r = -6*r + 2. What are the prime factors of w?
2
Let l(i) = -i**3 + 2*i**2 + 2*i - 2. Let u be l(-2). Suppose 7*z + 213 = 1501. Suppose z = -u*m + 12*m. List the prime factors of m.
2, 23
Let k(x) = 10*x**3 + 63*x**2 - 30*x + 328. List the prime factors of k(10).
2, 13, 157
What are the prime factors of -4 - -12838 - (-3 + -25)/(-7)?
2, 5, 1283
What are the prime factors of (-9324)/(-3)*(-17 - (-988)/57)?
2, 7, 37
Let v(j) = -3*j**2 + 45*j + 11. Let m be (-182)/(-10) - 